9).
-486
Let o(z) = 35*z**2 - 76*z - 397. What is o(6)?
407
Let o(l) = -10*l**3 - 93*l**2 + 1088*l + 9908. Determine o(-11).
-3
Let z(b) = -b**3 + 643*b**2 - 63156*b - 531. Calculate z(121).
195
Let z(u) = u**3 - 67*u**2 + 151*u - 1424. Give z(65).
-59
Let r(g) = g**2 + 6*g - 292. Calculate r(0).
-292
Let p(h) = -2*h**2 - 148*h - 99. Give p(-71).
327
Let x(z) = -z**3 - 1029*z**2 - 2036*z + 18478. Determine x(-1027).
-8
Let k(v) = -1285*v - 1548. Determine k(-3).
2307
Let w(u) = -77*u**3 + 1079*u**2 - 10*u - 120. Give w(14).
-64
Let a(q) = -3*q**2 - 621*q - 30080. Calculate a(-130).
-50
Let c(f) = 886*f - 88548. Give c(100).
52
Let v(f) = -1044940*f + 20. What is v(0)?
20
Let l(p) = 63*p - 1974. Determine l(28).
-210
Let c(q) = q**3 + 106*q**2 - 384*q + 6151. Give c(-110).
-9
Let c(y) = -4*y**2 + 316*y + 3119. What is c(-9)?
-49
Let n(m) = -63*m**3 + 9*m**2 + 257*m + 753. Calculate n(-3).
1764
Let y(v) = 3*v**3 - 346*v**2 - 3212*v - 1490. Determine y(124).
-2
Let h(b) = 13*b**3 - 2*b**2 + 193*b - 556. Determine h(3).
356
Let x(h) = 1487*h + 215. Calculate x(0).
215
Let c(d) = -d**3 - 26*d**2 + 341*d + 8969. Calculate c(-25).
-181
Let f(k) = -24*k**3 + 10*k**2 + 38*k - 16. Give f(-3).
608
Let b(m) = -m**2 - 879*m + 209399. Calculate b(195).
-31
Let q(h) = -118*h - 903. Give q(-19).
1339
Let y(b) = -489*b - 87546. Determine y(-179).
-15
Let o(h) = 153*h + 60182. What is o(-377)?
2501
Let p(f) = -411*f - 40712. What is p(-100)?
388
Let b(l) = l**3 - 2162*l**2 + 25808*l - 22. Determine b(12).
74
Let r(y) = 4430*y - 35565. What is r(8)?
-125
Let s(i) = 8*i**3 - 271*i**2 - 113*i + 2667. What is s(34)?
-19
Let v(a) = -a**2 + 237*a - 10982. Calculate v(174).
-20
Let p(j) = -9340*j + 140118. Calculate p(15).
18
Let o(d) = -12*d**2 - 1325*d + 11374. What is o(8)?
6
Let y(g) = -6*g**2 - 448*g - 8303. Give y(-47).
-501
Let o(w) = -3119*w + 38647. Determine o(12).
1219
Let b(k) = -1547*k + 6023. Give b(3).
1382
Let t(o) = 916*o + 2878. Calculate t(-4).
-786
Let z(b) = b**2 + 777*b + 21633. What is z(-29)?
-59
Let v(p) = -p**3 - p**2 - 17*p. Calculate v(5).
-235
Let h(b) = 1189*b**2 - 78476*b + 114. Calculate h(66).
-18
Let v(p) = -19*p**2 - 113*p + 3028. What is v(10)?
-2
Let o(i) = -2*i**2 + 14615*i - 14697223. Determine o(1204).
5
Let g(d) = 584713*d - 3508282. Calculate g(6).
-4
Let t(u) = u**2 + 466*u - 6705. What is t(-480)?
15
Let f(m) = -27362*m - 109471. Calculate f(-4).
-23
Let m(q) = -16*q**2 - 246*q - 883. Calculate m(-4).
-155
Let m(h) = -h**3 + 139*h**2 + 3700*h + 3093. What is m(162)?
-1119
Let g(r) = 670*r - 1031. Calculate g(2).
309
Let t(d) = d**2 + 146*d + 5523. Determine t(-65).
258
Let z(v) = 656*v - 135140. Determine z(206).
-4
Let l(b) = -849*b + 50069. Give l(59).
-22
Let w(d) = -2*d**3 + 55*d**2 + 1522*d - 41827. What is w(28)?
5
Let r(h) = h**2 + 512*h - 79609. What is r(125)?
16
Let i(g) = -9*g**2 + 283*g + 5480. Determine i(45).
-10
Let b(q) = -285*q**3 + 47*q**2 + 63*q - 68. What is b(-2)?
2274
Let q(w) = -2308*w - 177724. What is q(-77)?
-8
Let o(a) = 2*a**2 + 4848*a + 29012. Determine o(-6).
-4
Let n(z) = -z**2 - 18*z - 114. Determine n(-9).
-33
Let d(k) = -14812*k - 1673714. Give d(-113).
42
Let x(l) = 6894*l + 172327. What is x(-25)?
-23
Let c(x) = -3157*x - 454561. Give c(-144).
47
Let p(b) = 25316*b - 404836. Calculate p(16).
220
Let w(j) = -10*j**3 - 99*j**2 + 242*j + 2326. What is w(-10)?
6
Let q(w) = 3*w**3 - 295*w**2 - 246*w + 563. Determine q(99).
-4189
Let t(y) = -2*y**3 + 13*y**2 + 1519*y - 9085. What is t(6)?
65
Let z(j) = -136*j**3 + 1621*j**2 + 132*j - 65. Give z(12).
-65
Let a(t) = -102*t - 915. Give a(6).
-1527
Let n(a) = 39*a**2 + 2129*a - 3067. Give n(-56).
13
Let y(p) = 528*p + 14653. Calculate y(-23).
2509
Let n(f) = -f**2 - 14*f + 379. What is n(40)?
-1781
Let m(b) = 6*b**2 - 837*b + 4809. Calculate m(133).
-378
Let r(q) = -2*q**2 - 360*q + 8879. Determine r(22).
-9
Let r(t) = t**2 + 2568*t + 101279. Calculate r(-40).
159
Let m(c) = 10602*c + 773852. Give m(-73).
-94
Let q(v) = v**3 - 3*v**2 - 448*v + 5. What is q(0)?
5
Let z(h) = -16*h**3 + 6*h**2 - 3245*h + 3245. Determine z(1).
-10
Let o(k) = 9190*k + 78893. Determine o(-8).
5373
Let u(g) = 8*g**2 + 168*g + 1588. Calculate u(-9).
724
Let l(h) = 2*h**3 + 56*h**2 + 346*h - 310. Give l(-11).
-2
Let u(v) = 2*v**3 - 1799*v**2 - 898*v - 1818. Calculate u(900).
-18
Let l(u) = u**2 - 218*u - 2048. Calculate l(-9).
-5
Let v(b) = -86*b**2 + 230*b - 1225. What is v(6)?
-2941
Let f(l) = 10*l**2 + 1352*l + 409. Calculate f(-135).
139
Let z(r) = 14830*r - 1141916. What is z(77)?
-6
Let i(h) = -703*h + 3510. Determine i(5).
-5
Let c(j) = 485*j + 19052. What is c(-39)?
137
Let r(s) = -s**3 + 7963*s**2 - 309022*s - 552. Calculate r(39).
-6
Let l(f) = 490*f + 27361. What is l(-56)?
-79
Let h(o) = 30910*o + 556365. Determine h(-18).
-15
Let u(o) = -4*o**3 + 43*o**2 + 213*o - 2217. Give u(11).
5
Let n(f) = 351*f**2 - 2817*f - 4. Give n(8).
-76
Let w(z) = 8*z**3 + 1469*z**2 + 915*z + 6. What is w(-183)?
6
Let k(a) = 5126*a - 5182. Give k(1).
-56
Let l(u) = -5*u**2 - 443*u - 4546. Calculate l(-10).
-616
Let g(m) = -6467*m + 77616. Give g(12).
12
Let m(s) = 22279*s + 88919. Calculate m(-4).
-197
Let x(c) = -c**3 - 131*c**2 + 23*c + 3653. What is x(-131)?
640
Let f(v) = 101*v - 809. Calculate f(11).
302
Let w(d) = 5*d**2 + 9173*d + 270653. What is w(-30)?
-37
Let g(x) = -1283*x + 8373. Calculate g(9).
-3174
Let u(z) = 180*z**2 - 1314*z + 77. Give u(7).
-301
Let x(u) = -1281133*u + 12811323. Calculate x(10).
-7
Let l(v) = 153*v**3 + 262*v**2 + 776*v - 26. Calculate l(-3).
-4127
Let t(s) = -s**3 + 57*s**2 - 354*s - 8224. Give t(45).
146
Let f(r) = 121*r**2 + 3180*r + 235. Give f(-26).
-649
Let z(j) = 9*j**3 + 173*j**2 - 348*j - 89. Calculate z(-21).
163
Let z(g) = 35*g**2 - 707*g + 302. What is z(19)?
-496
Let d(u) = -4*u**3 - 184*u**2 + 334*u + 536. What is d(-48)?
2936
Let l(n) = 993*n**2 + 5*n + 6. Determine l(1).
1004
Let s(v) = -1470*v + 79363. Give s(54).
-17
Let g(j) = 4*j**3 - 55*j**2 + 144*j - 163. Calculate g(14).
2049
Let u(c) = -2*c**3 - 23*c**2 + 186*c - 164. Calculate u(-17).
-147
Let f(w) = w**2 + 418*w + 42076. What is f(-169)?
-5
Let j(z) = 1574267*z + 83436152. Calculate j(-53).
1
Let f(l) = 8*l**2 - 3618*l + 21830. Give f(6).
410
Let w(n) = 4*n**2 + 585*n - 23795. Give w(-180).
505
Let m(t) = 651263*t - 8466411. Determine m(13).
8
Let x(a) = a**3 - a**2 - 800*a + 6405. Give x(8).
453
Let p(a) = 4107*a + 452171. What is p(-110)?
401
Let q(f) = -118*f**2 - 3831*f + 124. Determine q(-33).
-1955
Let g(o) = o**2 + 121*o - 14457. Give g(76).
515
Let c(v) = 54*v**2 + 2636*v + 7443. Determine c(-3).
21
Let o(w) = -9*w**3 - 64*w**2 - 1431*w - 9983. What is o(-7)?
-15
Let w(s) = -2221*s - 246337. What is w(-111)?
194
Let b(x) = 6666*x + 13288. Calculate b(-2).
-44
Let s(h) = h**3 + 24*h**2 - 62*h + 15. What is s(-25)?
940
Let c(n) = 3*n**3 - 38*n**2 + 31*n - 104. Give c(6).
-638
Let h(u) = -2*u**3 + 22*u**2 + 8961*u - 89804. What is h(10)?
6
Let k(l) = l**3 - 47*l**2 + 561*l - 242. Determine k(25).
33
Let z(d) = 393*d + 149569. Give z(-387).
-2522
Let r(z) = -2*z**2 - 404*z - 7286. Calculate r(-182).
-6
Let q(r) = 26*r**3 - 726*r**2 - 35*r - 115. Determine q(28).
473
Let o(b) = 47790*b + 47921. Give o(-1).
131
Let n(a) = -5*a**2 + 127*a - 1092. Give n(14).
-294
Let m(x) = 48*x - 1322. Give m(32).
214
Let d(h) = 85*h**2 - 3574*h + 140. Determine d(42).
-28
Let q(t) = 3732*t - 1205430. Give q(323).
6
Let w(q) = -7*q**3 + 234*q**2 - 1059*q - 568. Give w(6).
-10
Let y(b) = -b**3 - 25*b**2 - 78*b + 391. Determine y(-16).
-665
Let d(f) = 9*f**2 - 155*f + 709. What is d(20)?
1209
Let i(d) = -536*d + 41821. Determine i(78).
13
Let u(h) = -h**3 - 2*h**2 - 3538*h - 2. Determine u(0).
-2
Let u(h) = h**2 - 2450*h - 181534. Determine u(-72).
50
Let v(r) = 1419*r - 88185. What is v(62)?
-207
Let a(z) = -4*z**2 - 473*z - 2549. Give a(-115).
-1054
Let l(u) = 2*u**3 - 493*u**2 + 12622*u - 245. Calculate l(29).
-42
Let m(y) = y**3 + 260*y**2 + 2258*y - 21. Calculate m(-9).
-12
Let c(u) = -2*u**2 - 1013*u - 48053. Calculate c(-53).
18
Let z(i) = -2*i**3 - 100*i**2 + 93*i - 294. What is z(-51)?
165
Let z(n) = n**2 - 226*n - 12671. Determine z(-47).
160
Let k(w) = 1082864*w + 17325813. 